410 is divided by 135?
10
What is the remainder when 20824 is divided by 6930?
34
What is the remainder when 4703 is divided by 357?
62
Calculate the remainder when 135820 is divided by 71.
68
What is the remainder when 5663 is divided by 270?
263
What is the remainder when 193407 is divided by 64425?
132
Calculate the remainder when 1113977 is divided by 140.
137
Calculate the remainder when 18101 is divided by 2188.
597
What is the remainder when 4254 is divided by 388?
374
Calculate the remainder when 911 is divided by 257.
140
Calculate the remainder when 91256 is divided by 39.
35
What is the remainder when 4873 is divided by 405?
13
Calculate the remainder when 20562 is divided by 25.
12
What is the remainder when 256871 is divided by 85604?
59
What is the remainder when 277831 is divided by 138910?
11
Calculate the remainder when 13349 is divided by 331.
109
Calculate the remainder when 31350 is divided by 7824.
54
Calculate the remainder when 7778 is divided by 791.
659
Calculate the remainder when 26476 is divided by 458.
370
What is the remainder when 41439 is divided by 3184?
47
What is the remainder when 7488 is divided by 7476?
12
Calculate the remainder when 44076 is divided by 20.
16
What is the remainder when 4515 is divided by 20?
15
Calculate the remainder when 1642 is divided by 656.
330
What is the remainder when 3022 is divided by 919?
265
What is the remainder when 492 is divided by 159?
15
Calculate the remainder when 11751 is divided by 68.
55
Calculate the remainder when 3011 is divided by 1405.
201
Calculate the remainder when 5453 is divided by 5.
3
Calculate the remainder when 1910 is divided by 951.
8
Calculate the remainder when 9945 is divided by 4219.
1507
Calculate the remainder when 4936 is divided by 368.
152
Calculate the remainder when 3843 is divided by 3777.
66
What is the remainder when 1096 is divided by 116?
52
Calculate the remainder when 3183 is divided by 1607.
1576
Calculate the remainder when 316947 is divided by 8.
3
Calculate the remainder when 3625 is divided by 402.
7
What is the remainder when 8405 is divided by 28?
5
Calculate the remainder when 532156 is divided by 9.
4
What is the remainder when 78863 is divided by 43?
1
Calculate the remainder when 14447 is divided by 7194.
59
What is the remainder when 33979 is divided by 1192?
603
Calculate the remainder when 20983 is divided by 239.
190
What is the remainder when 4708 is divided by 25?
8
What is the remainder when 1234699 is divided by 86?
83
What is the remainder when 725 is divided by 660?
65
What is the remainder when 759211 is divided by 18?
7
Calculate the remainder when 3569894 is divided by 49.
48
What is the remainder when 58580 is divided by 29286?
8
Calculate the remainder when 306 is divided by 92.
30
What is the remainder when 229259 is divided by 15?
14
What is the remainder when 58815 is divided by 3451?
148
What is the remainder when 54368 is divided by 197?
193
What is the remainder when 94792 is divided by 47?
40
Calculate the remainder when 1580 is divided by 53.
43
Calculate the remainder when 992649 is divided by 11.
9
Calculate the remainder when 141102 is divided by 1.
0
What is the remainder when 14548 is divided by 2616?
1468
What is the remainder when 910 is divided by 153?
145
What is the remainder when 16728 is divided by 43?
1
Calculate the remainder when 231067 is divided by 188.
15
Calculate the remainder when 18643 is divided by 424.
411
Calculate the remainder when 18007 is divided by 1212.
1039
Calculate the remainder when 320378 is divided by 83.
81
What is the remainder when 339834 is divided by 106?
104
What is the remainder when 5087893 is divided by 1292?
1289
What is the remainder when 1069 is divided by 265?
9
What is the remainder when 104565 is divided by 162?
75
What is the remainder when 106052 is divided by 108?
104
What is the remainder when 5009 is divided by 499?
19
Calculate the remainder when 116 is divided by 28.
4
What is the remainder when 43879 is divided by 46?
41
Calculate the remainder when 1109246 is divided by 8.
6
Calculate the remainder when 24975 is divided by 1921.
2
What is the remainder when 102635 is divided by 217?
211
What is the remainder when 42450 is divided by 14115?
105
What is the remainder when 86615 is divided by 225?
215
What is the remainder when 1499 is divided by 179?
67
What is the remainder when 93470 is divided by 9?
5
What is the remainder when 7827 is divided by 2608?
3
Calculate the remainder when 3922773 is divided by 54.
51
Calculate the remainder when 12275 is divided by 469.
81
What is the remainder when 5242 is divided by 168?
34
Calculate the remainder when 12170 is divided by 175.
95
What is the remainder when 1724 is divided by 855?
14
Calculate the remainder when 16057 is divided by 189.
181
What is the remainder when 312539 is divided by 110?
29
What is the remainder when 6255775 is divided by 16?
15
What is the remainder when 170355 is divided by 283?
272
What is the remainder when 383462 is divided by 8336?
6
What is the remainder when 21629 is divided by 10812?
5
What is the remainder when 3466 is divided by 246?
22
Calculate the remainder when 2363 is divided by 2223.
140
What is the remainder when 8570 is divided by 2345?
1535
What is the remainder when 34702 is divided by 24?
22
Calculate the remainder when 7525 is divided by 578.
11
Calculate the remainder when 6099 is divided by 434.
23
What is the remainder when 99421 is divided by 359?
337
What is the remainder when 1540 is divided by 509?
13
What is the remainder when 158816 is divided by 317?
316
What is the remainder when 34643 is divided by 218?
199
Calculate the remainder when 3240 is divided by 542.
530
Calculate the remainder when 501 is divided by 20.
1
Calculate the remainder when 16249 is divided by 10.
9
Calculate the remainder when 99857 is divided by 6.
5
What is the remainder when 15165 is divided by 48?
45
Calculate the remainder when 3428 is divided by 239.
82
Calculate the remainder when 513565 is divided by 89.
35
What is the remainder when 4753 is divided by 340?
333
Calculate the remainder when 6128 is divided by 339.
26
Calculate the remainder when 11283 is divided by 109.
56
Calculate the remainder when 2516 is divided by 312.
20
What is the remainder when 6268 is divided by 16?
12
What is the remainder when 181023 is divided by 22626?
15
Calculate the remainder when 247114 is divided by 8520.
34
What is the remainder when 11281 is divided by 1987?
1346
What is the remainder when 2135 is divided by 701?
32
What is the remainder when 975 is divided by 318?
21
What is the remainder when 3534 is divided by 65?
24
Calculate the remainder when 21930 is divided by 6.
0
What is the remainder when 5868412 is divided by 1567?
1564
Calculate the remainder when 5208 is divided by 44.
16
Calculate the remainder when 50909 is divided by 1495.
79
What is the remainder when 8785 is divided by 916?
541
Calculate the remainder when 21542 is divided by 775.
617
What is the remainder when 229435 is divided by 383?
18
Calculate the remainder when 1635 is divided by 1489.
146
What is the remainder when 2503 is divided by 337?
144
Calculate the remainder when 46950 is divided by 34.
30
What is the remainder when 12692 is divided by 24?
20
What is the remainder when 5504 is divided by 423?
5
Calculate the remainder when 1856139 is divided by 74.
71
Calculate the remainder when 311048 is divided by 77749.
52
Calculate the remainder when 33444 is divided by 11121.
81
Calculate the remainder when 13659 is divided by 286.
217
What is the remainder when 728 is divided by 195?
143
What is the remainder when 4241 is divided by 4223?
18
What is the remainder when 107530 is divided by 29?
27
What is the remainder when 25979 is divided by 60?
59
What is the remainder when 538710 is divided by 538704?
6
Calculate the remainder when 84828 is divided by 953.
11
Calculate the remainder when 25967 is divided by 98.
95
Calculate the remainder when 3078 is divided by 612.
18
What is the remainder when 18411 is divided by 129?
93
Calculate the remainder when 57192 is divided by 181.
177
Calculate the remainder when 318821 is divided by 801.
23
What is the remainder when 97880 is divided by 203?
